4157
What are the prime factors of 454065?
3, 5, 30271
What are the prime factors of 10612083?
3, 47, 73, 1031
What are the prime factors of 14326252?
2, 37, 96799
What are the prime factors of 23643652?
2, 5910913
What are the prime factors of 1471153?
293, 5021
List the prime factors of 5286797.
5286797
What are the prime factors of 14049999?
3, 1561111
What are the prime factors of 511814?
2, 255907
What are the prime factors of 1539106?
2, 769553
List the prime factors of 707286.
2, 3, 117881
List the prime factors of 6979098.
2, 3, 7, 166169
What are the prime factors of 15232108?
2, 1301, 2927
List the prime factors of 806942.
2, 73, 5527
List the prime factors of 63380.
2, 5, 3169
List the prime factors of 2420688.
2, 3, 29, 37, 47
What are the prime factors of 8420664?
2, 3, 7, 50123
What are the prime factors of 162370?
2, 5, 13, 1249
What are the prime factors of 1465751?
7, 209393
List the prime factors of 86753.
86753
List the prime factors of 1814211.
3, 7, 29, 331
What are the prime factors of 285365?
5, 57073
What are the prime factors of 3295824?
2, 3, 7, 17, 577
List the prime factors of 10229387.
7, 191, 1093
List the prime factors of 132675.
3, 5, 29, 61
List the prime factors of 137567.
137567
List the prime factors of 71078.
2, 7, 5077
List the prime factors of 240577.
113, 2129
What are the prime factors of 17936014?
2, 181, 49547
What are the prime factors of 78715?
5, 7, 13, 173
What are the prime factors of 817261?
863, 947
What are the prime factors of 2240834?
2, 83, 13499
What are the prime factors of 308437?
308437
List the prime factors of 429381.
3, 19, 31
What are the prime factors of 174948?
2, 3, 61, 239
List the prime factors of 45116.
2, 11279
What are the prime factors of 452353?
11, 17, 41, 59
List the prime factors of 1111585.
5, 222317
What are the prime factors of 1397384?
2, 174673
What are the prime factors of 563001?
3, 67, 2801
What are the prime factors of 114415?
5, 7, 467
What are the prime factors of 11301886?
2, 821, 6883
What are the prime factors of 117201?
3, 7, 5581
What are the prime factors of 39078?
2, 3, 13, 167
What are the prime factors of 2099489?
7, 53, 5659
List the prime factors of 8613202.
2, 13, 331277
What are the prime factors of 1541348?
2, 61, 6317
What are the prime factors of 652058?
2, 11, 107, 277
What are the prime factors of 4283512?
2, 19, 28181
What are the prime factors of 157372?
2, 39343
What are the prime factors of 5296684?
2, 1324171
List the prime factors of 13977240.
2, 3, 5, 269, 433
List the prime factors of 3533231.
13, 271787
List the prime factors of 6311.
6311
List the prime factors of 7447944.
2, 3, 7, 43, 1031
List the prime factors of 1877529.
3, 107, 5849
List the prime factors of 475229.
475229
What are the prime factors of 1725688?
2, 109, 1979
List the prime factors of 39568339.
547, 72337
List the prime factors of 479936.
2, 7499
What are the prime factors of 1291851?
3, 11, 13049
What are the prime factors of 4148654?
2, 2074327
What are the prime factors of 1594275?
3, 5, 29, 733
What are the prime factors of 870011?
149, 5839
What are the prime factors of 808649?
449, 1801
List the prime factors of 890247.
3, 296749
What are the prime factors of 852674?
2, 47, 193
What are the prime factors of 10839541?
983, 11027
What are the prime factors of 3520436?
2, 880109
List the prime factors of 721767.
3, 240589
What are the prime factors of 9423290?
2, 5, 263, 3583
List the prime factors of 30466653.
3, 7, 349, 4157
What are the prime factors of 20271062?
2, 7, 19, 76207
List the prime factors of 26015162.
2, 23, 67, 367
What are the prime factors of 1175331?
3, 401, 977
List the prime factors of 4828501.
59, 81839
What are the prime factors of 1839347?
1839347
What are the prime factors of 12253436?
2, 13, 61, 3863
What are the prime factors of 985269?
3, 17, 19319
List the prime factors of 740194.
2, 7, 13, 83
List the prime factors of 26548415.
5, 19, 43, 67, 97
What are the prime factors of 6545643?
3, 13, 47, 3571
What are the prime factors of 56913?
3, 61, 311
List the prime factors of 3472670.
2, 5, 239, 1453
What are the prime factors of 453424?
2, 17, 1667
What are the prime factors of 518888?
2, 37, 1753
List the prime factors of 10032869.
7, 11, 29, 4493
List the prime factors of 274648.
2, 11, 3121
What are the prime factors of 146485?
5, 29297
List the prime factors of 2775292.
2, 13, 19, 53
List the prime factors of 140238.
2, 3, 7, 53
List the prime factors of 3818726.
2, 1909363
What are the prime factors of 1255792?
2, 78487
What are the prime factors of 713804?
2, 7, 13, 37, 53
What are the prime factors of 59218?
2, 29, 1021
List the prime factors of 26864435.
5, 13, 413299
What are the prime factors of 1607345?
5, 321469
What are the prime factors of 8644611?
3, 379, 7603
What are the prime factors of 588402?
2, 3, 97, 337
List the prime factors of 25298.
2, 7, 13, 139
What are the prime factors of 3148368?
2, 3, 107, 613
List the prime factors of 34812.
2, 3, 967
List the prime factors of 1033179.
3, 7, 49199
List the prime factors of 1454992.
2, 7, 11, 1181
List the prime factors of 823761.
3, 91529
What are the prime factors of 27350?
2, 5, 547
What are the prime factors of 712896?
2, 3, 47, 79
What are the prime factors of 25746351?
3, 83, 103399
List the prime factors of 2830664.
2, 353833
What are the prime factors of 45748?
2, 11437
What are the prime factors of 605579?
13, 37, 1259
What are the prime factors of 614185?
5, 11, 13, 859
List the prime factors of 1595672.
2, 13, 67, 229
List the prime factors of 1083507.
3, 23, 41, 383
List the prime factors of 745837.
745837
List the prime factors of 272941.
23, 11867
List the prime factors of 258048.
2, 3, 7
List the prime factors of 5668274.
2, 523, 5419
What are the prime factors of 1842248?
2, 230281
What are the prime factors of 1779616?
2, 19, 2927
List the prime factors of 799409.
13, 61493
List the prime factors of 2902955.
5, 11, 47, 1123
List the prime factors of 128749.
128749
What are the prime factors of 347689?
37, 9397
What are the prime factors of 5322130?
2, 5, 11, 48383
What are the prime factors of 1718600?
2, 5, 13, 661
What are the prime factors of 8534864?
2, 13, 37, 1109
What are the prime factors of 131729?
13, 10133
List the prime factors of 575651.
575651
List the prime factors of 1788890.
2, 5, 178889
What are the prime factors of 65343?
3, 23, 947
What are the prime factors of 5042287?
5042287
What are the prime factors of 128077?
211, 607
What are the prime factors of 4572528?
2, 3, 95261
What are the prime factors of 508258?
2, 47, 5407
List the prime factors of 130909.
109, 1201
List the prime factors of 919263.
3, 306421
What are the prime factors of 2631011?
41, 64171
What are the prime factors of 76665?
3, 5, 19, 269
What are the prime factors of 1056942?
2, 3, 23, 37
What are the prime factors of 5238191?
7, 367, 2039
List the prime factors of 124810.
2, 5, 7, 1783
List the prime factors of 12630217.
12630217
What are the prime factors of 1311536?
2, 81971
What are the prime factors of 2279061?
3, 253229
What are the prime factors of 10462149?
3, 449, 863
List the prime factors of 259361.
419, 619
List the prime factors of 703432.
2, 23, 3823
What are the prime factors of 200000?
2, 5
List the prime factors of 815127.
3, 167, 1627
What are the prime factors of 5434943?
151, 35993
List the prime factors of 1516576.
2, 83, 571
What are the prime factors of 11703?
3, 47, 83
List the prime factors of 13065836.
2, 7, 466637
List the prime factors of 7005626.
2, 3502813
What are the prime factors of 381762?
2, 3, 127, 167
What are the prime factors of 920870?
2, 5, 71, 1297
What are the prime factors of 2271690?
2, 3, 5, 43, 587
List the prime factors of 16703404.
2, 181, 23071
List the prime factors of 334406.
2, 37, 4519
What are the prime factors of 530631?
3, 6551
What are the prime factors of 195771?
3, 65257
What are the prime factors of 359991?
3, 67, 199
List the prime factors of 45980.
2, 5, 11, 19
What are the prime factors of 111820?
2, 5, 5591
What are the prime factors of 8789?
11, 17, 47
What are the prime factors of 12058033?
13, 927541
List the prime factors of 1601210.
2, 5, 13, 109, 113
What are the prime factors of 581474